{"id":12701,"date":"2023-01-31T21:37:04","date_gmt":"2023-01-31T18:37:04","guid":{"rendered":"https:\/\/oyasanli.com\/oyasblog\/?page_id=12701"},"modified":"2023-01-31T21:48:15","modified_gmt":"2023-01-31T18:48:15","slug":"about-me-2","status":"publish","type":"page","link":"https:\/\/oyasanli.com\/oyasblog\/about-me-2\/","title":{"rendered":"About Me"},"content":{"rendered":"\n<!-- Facebook Like Button Vivacity Infotech BEGIN -->\n<div class=\"fb-like\" data-href=\"https:\/\/oyasanli.com\/oyasblog\/about-me-2\/\" data-layout=\"standard\" data-action=\"like\" data-show-faces=\"false\" data-size=\"small\" data-width=\"450\" data-share=\"1\" ><\/div>\n<!-- Facebook Like Button Vivacity Infotech END -->\n\n<p>Biography<\/p>\n\n\n\n<p>Oya \u015eanl\u0131<\/p>\n\n\n\n<p>She was born in 1959 in Istanbul. After completing her secondary education in Ankara Tevfik Fikret High School, she moved to Istanbul because of change in her father\u2019s job status and she graduated from Erenk\u00f6y High School for Girls in 1976 and started to study her undergraduate degree in Mathematics from Istanbul University.<br>In 1981, she started working as a programmer in the information processing department of Ar\u00e7elik. In 1982, Ms. \u015eanl\u0131 graduated from Istanbul University Mathematics Department.<br>She married in 1983 and started to live in New York, USA. She studied Computer Science at City College of New York and she also worked at the IT department of the school. Her son was born in 1987. Since 1988, she has worked in the IT department of various small and medium companies in Istanbul. In spite of her retirement in 2003, Ms. Oya \u015eanl\u0131 has more than 15 years of IT department managerial experience. Since 2008, as CloudCamp Turkey\u2019s manager and organizer she delivered many speeches at Academic Conferences and organized and managed CloudCamp meetings in Ankara and in Istanbul, Ms. \u015eanl\u0131 prepared the content of the lecture named Introduction to Cloud Computing and delivered it at Kadir Has University.<br>Ms. Oya \u015eanl\u0131, who has been taking photos with her mobile phone as an amateur for the last 7-8 years, and has been trying to learn about the effects of light and colors on photography, has met the opportunity to participate in the exhibition in Works, San Jose, Ca with some of her digitally prepared collages. Ms. \u015eanl\u0131 lived three years(2015-2017) in the Bay area, California. She keeps writing at her blog in English and in Turkish about her profession and about her observations, she also publishes articles about the new English words she learned, and shares some of her photos and digital works too.<br>Finally, she continues to write in Turkish about data mining and R language topics. She prepares Covid19 graphs getting the numbers from Turkey\u2019s Health Minister\u2019s page on Facebook and publishes graphs at her Facebook page (https:\/\/www.facebook.com\/oyasan.blog)<br>Ms. Oya \u015eanl\u0131 joined the mentor project of Erenk\u00f6y Girls High School and she delivered MS Office training to female students who are awarded scholarships by the Alumni(2019- 5 days and 5 students joined). She also consults a startup company located in Los Angeles Ca.<br>She signed up for online education at Anadolu University and she is studying GIS(Geographical Information Systems 2019-2021).<\/p>\n\n\n\n<p>She graduated from GIS(Geographical Information Systems) two-year study offered by the Open Education Faculty of Anadolu University) and she was granted the diploma on 08\/06\/2021.<\/p>\n\n\n\n<p>You may also get information about me;<\/p>\n\n\n\n<p><a href=\"http:\/\/oyasanli.com\/\">http:\/\/oyasanli.com\/<\/a><\/p>\n\n\n\n<p><a href=\"https:\/\/linktr.ee\/oyasanli\">https:\/\/linktr.ee\/oyasanli<\/a><\/p>\n\n\n\n<p><a href=\"http:\/\/about.me\/oyasanli\">http:\/\/about.me\/oyasanli<\/a><\/p>\n\n\n\n<p><a href=\"https:\/\/www.google.com\/+Oya%C5%9Eanl%C4%B1\" target=\"_blank\" rel=\"noreferrer noopener\">google.com\/+Oya\u015eanl\u0131<\/a><\/p>\n\n\n\n<p><a href=\"http:\/\/tr.linkedin.com\/in\/oyasanli\/\">tr.linkedin.com\/in\/oyasanli\/<\/a><\/p>\n\n\n\n<p><a href=\"https:\/\/www.facebook.com\/sanlio\">https:\/\/www.facebook.com\/sanlio<\/a><\/p>\n\n\n\n<figure class=\"wp-block-embed is-type-rich is-provider-twitter wp-block-embed-twitter\"><div class=\"wp-block-embed__wrapper\">\n<a class=\"twitter-timeline\" data-width=\"700\" data-height=\"1000\" data-dnt=\"true\" href=\"https:\/\/twitter.com\/oyasan?ref_src=twsrc%5Etfw\">Tweets by oyasan<\/a><script async src=\"https:\/\/platform.twitter.com\/widgets.js\" charset=\"utf-8\"><\/script>\n<\/div><\/figure>\n","protected":false},"excerpt":{"rendered":"<p>Biography Oya \u015eanl\u0131 She was born in 1959 in Istanbul. After completing her secondary education in Ankara Tevfik Fikret High School, she moved to Istanbul because of change in her father\u2019s job status and she graduated from Erenk\u00f6y High School for Girls in 1976 and started to study her undergraduate degree in Mathematics from Istanbul&hellip;<\/p>\n","protected":false},"author":1,"featured_media":0,"parent":0,"menu_order":0,"comment_status":"closed","ping_status":"closed","template":"","meta":{"jetpack_post_was_ever_published":false},"jetpack_sharing_enabled":true,"jetpack_shortlink":"https:\/\/wp.me\/P4aIZ6-3iR","jetpack-related-posts":[],"_links":{"self":[{"href":"https:\/\/oyasanli.com\/oyasblog\/wp-json\/wp\/v2\/pages\/12701"}],"collection":[{"href":"https:\/\/oyasanli.com\/oyasblog\/wp-json\/wp\/v2\/pages"}],"about":[{"href":"https:\/\/oyasanli.com\/oyasblog\/wp-json\/wp\/v2\/types\/page"}],"author":[{"embeddable":true,"href":"https:\/\/oyasanli.com\/oyasblog\/wp-json\/wp\/v2\/users\/1"}],"replies":[{"embeddable":true,"href":"https:\/\/oyasanli.com\/oyasblog\/wp-json\/wp\/v2\/comments?post=12701"}],"version-history":[{"count":1,"href":"https:\/\/oyasanli.com\/oyasblog\/wp-json\/wp\/v2\/pages\/12701\/revisions"}],"predecessor-version":[{"id":12702,"href":"https:\/\/oyasanli.com\/oyasblog\/wp-json\/wp\/v2\/pages\/12701\/revisions\/12702"}],"wp:attachment":[{"href":"https:\/\/oyasanli.com\/oyasblog\/wp-json\/wp\/v2\/media?parent=12701"}],"curies":[{"name":"wp","href":"https:\/\/api.w.org\/{rel}","templated":true}]}}